, 41, 47797
List the prime factors of 5618494.
2, 7, 401321
What are the prime factors of 3396979?
3396979
List the prime factors of 4025693.
7, 29, 2833
What are the prime factors of 50986?
2, 13, 37, 53
List the prime factors of 1550388.
2, 3, 7, 18457
What are the prime factors of 471937?
17, 23, 71
What are the prime factors of 711784?
2, 193, 461
What are the prime factors of 442280?
2, 5, 11057
What are the prime factors of 1053283?
7, 11, 13679
What are the prime factors of 1053649?
37, 28477
What are the prime factors of 4974422?
2, 2487211
List the prime factors of 24781875.
3, 5, 13217
List the prime factors of 5446606.
2, 11, 29, 8537
What are the prime factors of 4662932?
2, 67, 127, 137
List the prime factors of 1435686.
2, 3, 7, 34183
List the prime factors of 8097414.
2, 3, 13, 103813
What are the prime factors of 780058?
2, 263, 1483
List the prime factors of 972211.
19, 51169
What are the prime factors of 1261598?
2, 13, 48523
List the prime factors of 216750.
2, 3, 5, 17
What are the prime factors of 223536?
2, 3, 4657
What are the prime factors of 367919?
127, 2897
List the prime factors of 418938.
2, 3, 13, 41, 131
List the prime factors of 22349437.
11, 2031767
What are the prime factors of 1282738?
2, 673, 953
What are the prime factors of 37943026?
2, 11, 1724683
What are the prime factors of 178767?
3, 2207
List the prime factors of 48280.
2, 5, 17, 71
List the prime factors of 2978262.
2, 3, 7, 7879
List the prime factors of 21238.
2, 7, 37, 41
What are the prime factors of 892972?
2, 223243
List the prime factors of 75383.
7, 11, 89
What are the prime factors of 8656122?
2, 3, 677, 2131
List the prime factors of 4404871.
61, 72211
List the prime factors of 2212266.
2, 3, 7, 52673
List the prime factors of 8401468.
2, 17, 123551
List the prime factors of 118317.
3, 39439
List the prime factors of 2451420.
2, 3, 5, 13619
What are the prime factors of 67086?
2, 3, 3727
List the prime factors of 72026.
2, 36013
List the prime factors of 354337.
354337
List the prime factors of 1758267.
3, 7, 443
List the prime factors of 228206.
2, 11, 23, 41
List the prime factors of 418103.
7, 59729
What are the prime factors of 2246014?
2, 71, 15817
What are the prime factors of 230040?
2, 3, 5, 71
What are the prime factors of 1151060?
2, 5, 67, 859
List the prime factors of 753406.
2, 17, 22159
List the prime factors of 3207820.
2, 5, 7, 11, 2083
List the prime factors of 2058012.
2, 3, 11, 5197
List the prime factors of 8409659.
163, 51593
List the prime factors of 620202.
2, 3, 11, 9397
What are the prime factors of 6687288?
2, 3, 131, 709
List the prime factors of 298426.
2, 149213
List the prime factors of 53283.
3, 17761
What are the prime factors of 255257?
47, 5431
What are the prime factors of 2137594?
2, 919, 1163
List the prime factors of 19159072.
2, 598721
List the prime factors of 30841.
30841
What are the prime factors of 2058000?
2, 3, 5, 7
What are the prime factors of 17544133?
17544133
What are the prime factors of 9250899?
3, 7, 23, 107, 179
List the prime factors of 8599232.
2, 134363
What are the prime factors of 570367?
7, 17, 4793
What are the prime factors of 221928?
2, 3, 7, 1321
What are the prime factors of 5091889?
11, 462899
List the prime factors of 12557749.
12557749
What are the prime factors of 739059?
3, 23, 10711
List the prime factors of 10416726.
2, 3, 53, 61, 179
List the prime factors of 622667.
41, 15187
What are the prime factors of 1782480?
2, 3, 5, 7, 1061
List the prime factors of 97927.
97927
List the prime factors of 22473388.
2, 7, 17, 31, 1523
What are the prime factors of 479656?
2, 59957
What are the prime factors of 14376836?
2, 919, 3911
What are the prime factors of 65136?
2, 3, 23, 59
What are the prime factors of 1346809?
41, 107, 307
List the prime factors of 527824.
2, 11, 2999
What are the prime factors of 19055444?
2, 37, 199, 647
What are the prime factors of 33259193?
11, 3023563
What are the prime factors of 11544?
2, 3, 13, 37
What are the prime factors of 241573?
37, 6529
List the prime factors of 4898475.
3, 5, 41, 59
List the prime factors of 5780336.
2, 361271
What are the prime factors of 37624689?
3, 17, 81971
What are the prime factors of 974894?
2, 487447
List the prime factors of 1231221.
3, 97, 4231
List the prime factors of 159751.
107, 1493
What are the prime factors of 65159?
23, 2833
What are the prime factors of 7756754?
2, 37, 2833
List the prime factors of 1228483.
19, 41, 83
What are the prime factors of 28950490?
2, 5, 17, 19, 8963
List the prime factors of 1473774.
2, 3, 245629
What are the prime factors of 7312421?
37, 257, 769
List the prime factors of 2731181.
23, 118747
List the prime factors of 56321.
17, 3313
What are the prime factors of 20109336?
2, 3, 13, 64453
List the prime factors of 538533.
3, 53, 1129
What are the prime factors of 45366?
2, 3, 7561
What are the prime factors of 1689944?
2, 61, 3463
List the prime factors of 10726960.
2, 5, 134087
List the prime factors of 393182.
2, 29, 6779
What are the prime factors of 7942886?
2, 7, 199, 2851
List the prime factors of 1158695.
5, 29, 61, 131
List the prime factors of 661958.
2, 11, 30089
What are the prime factors of 20141417?
20141417
List the prime factors of 3141345.
3, 5, 17, 97, 127
List the prime factors of 958663.
23, 41681
List the prime factors of 22604.
2, 5651
What are the prime factors of 2903419?
2903419
What are the prime factors of 53461?
193, 277
What are the prime factors of 1209125?
5, 17, 569
List the prime factors of 299053.
299053
List the prime factors of 16484317.
149, 317, 349
What are the prime factors of 181876?
2, 41, 1109
What are the prime factors of 12772852?
2, 3193213
What are the prime factors of 231200?
2, 5, 17
What are the prime factors of 428862?
2, 3, 7, 10211
List the prime factors of 312665.
5, 62533
List the prime factors of 6221665.
5, 1244333
List the prime factors of 3214028.
2, 71, 11317
List the prime factors of 820929.
3, 273643
What are the prime factors of 1371645?
3, 5, 11, 17, 163
List the prime factors of 34451.
47, 733
What are the prime factors of 2920799?
7, 41, 10177
What are the prime factors of 323153?
17, 19009
List the prime factors of 1429362.
2, 3, 11, 7219
What are the prime factors of 5921652?
2, 3, 11, 113, 397
List the prime factors of 184757.
47, 3931
What are the prime factors of 1256630?
2, 5, 53, 2371
List the prime factors of 2246076.
2, 3, 7, 2971
List the prime factors of 13568998.
2, 6784499
List the prime factors of 1062349.
1062349
What are the prime factors of 3484241?
107, 32563
List the prime factors of 89306.
2, 7, 6379
List the prime factors of 547794.
2, 3, 13, 2341
List the prime factors of 505975.
5, 37, 547
What are the prime factors of 61653?
3, 20551
What are the prime factors of 483763?
7, 69109
List the prime factors of 1258245.
3, 5, 27961
List the prime factors of 783805.
5, 11, 14251
List the prime factors of 155799.
3, 7, 2473
What are the prime factors of 400164?
2, 3, 33347
What are the prime factors of 1604849?
61, 26309
What are the prime factors of 603271?
103, 5857
List the prime factors of 75519.
3, 2797
What are the prime factors of 578548?
2, 53, 2729
What are the prime factors of 11308625?
5, 90469
List the prime factors of 12631859.
89, 141931
What are the prime factors of 8327317?
1277, 6521
List the prime factors of 4326352.
2, 59, 4583
List the prime factors of 997254.
2, 3, 17, 3259
What are the prime factors of 997816?
2, 37, 3371
List the prime factors of 1063768.
2, 132971
What are the prime factors of 431033?
41, 10513
What are the prime factors of 12403016?
2, 1550377
List the prime factors of 6341829.
3, 13, 162611
List the prime factors of 7703590.
2, 5, 770359
What are the prime factors of 154820?
2, 5, 7741
What are the prime factors of 1514340?
2, 3, 5, 47, 179
What are the prime factors of 1875304?
2, 17, 13789
What are the prime factors of 117058?
2, 107, 547
List the prime factors of 760201.
13, 58477
List the prime factors of 3261155.
5, 239, 2729
List the prime factors of 1202354.
2, 47, 12791
What are the prime factors of 17042176?
2, 66571
What are the prime factors of 51196?
2, 12799
What are the prime factors of 1331933?
17, 47, 1667
List the prime factors